 427 - 19 = 0. Determine l(k).
-4
Let f be 36/14 + 12/28. Suppose 2*b - 1 - f = 0. Suppose -b*q + 15 = -5*q. Let s(r) = -r + 2. Give s(q).
7
Let p(k) = 3*k - 2*k**2 + k**2 - 2 - 2*k + 7*k. Suppose 3*w - 9*a = -4*a + 44, -w + 28 = -5*a. What is p(w)?
-2
Let u(j) be the second derivative of -j**3/3 - 5*j**2 + 1094*j. Calculate u(3).
-16
Let h be 3/((-18)/8 - -3). Let t(r) = -5*r**3 - r**2 + 1. Let d(z) = 6*z**3 + 2*z**2 + z - 2. Let b = -1 + -3. Let x(g) = b*d(g) - 5*t(g). Calculate x(h).
3
Let w(m) be the third derivative of m**4/6 + m**3/6 + 10*m**2 - 2*m. Give w(4).
17
Let b = 746 + -739. Let c(t) = -2*t - 6*t**2 + t**3 - 4 + 0*t - 4*t. Give c(b).
3
Suppose -2 = 4*w - 14. Suppose -20 = w*u - 8*u. Suppose 9*t + y - 15 = u*t, 4*t = 3*y + 31. Let h(v) = -v - 1. What is h(t)?
-5
Let b(z) = z**3 + z**2 + z - 5. Let m be b(0). Let a(o) = 7*o + 14. Suppose -2*p = -6 - 4. Let f(x) = 6*x + 13. Let i(u) = p*a(u) - 6*f(u). What is i(m)?
-3
Let g(z) be the first derivative of z**2/2 + 3*z - 1. Let k be g(-2). Let t(v) = v + 1. Let x(l) = -5*l - 5. Let w(q) = k*x(q) + 6*t(q). What is w(-2)?
-1
Let g(z) = z**3 - 12*z**2 + 13*z + 3. Let l(r) = -5 + 19*r**3 - 7*r**3 + 25*r**2 - 27*r - 15*r**3. Let y(o) = -5*g(o) - 2*l(o). Calculate y(-11).
-5
Let h(t) = t**3 + 13*t**2 + 11*t - 17. Let m = 14 - 9. Suppose -24 = m*i - 3*i. Let w be h(i). Let n(k) = -k**3 - 6*k**2 - 5*k + 6. Calculate n(w).
6
Let z(u) = -u - 5. Suppose 0 = -5*x - 5*p + 5, 26*x - 3*p - 13 = 21*x. Give z(x).
-7
Let q(s) = 3*s**3 + 5*s**2 + 9*s + 8. Let c(u) = 6*u**3 + 9*u**2 + 16*u + 14. Let n(g) = 3*c(g) - 5*q(g). Determine n(-1).
-2
Let f(p) be the first derivative of 15*p**2/2 - 29. Determine f(2).
30
Let q be -3 - 7/(7/(-2)). Let y(m) = 3*m**3 + m**2 + 2*m + 2. Let z(l) = -l**3 - l. Let u(n) = q*y(n) - 2*z(n). Let v = 10 + -10. Give u(v).
-2
Let l = 2210 + -2200. Let z(o) = -3*o + 37. What is z(l)?
7
Let x = 1339 - 1331. Let v(s) = s - 21. Give v(x).
-13
Let r(g) = g**3 - g**2 - 7*g - 6. Let h be r(5). Let d(a) = -3*a**3 + h*a**2 - 61*a**2 + 2*a + 4*a**3. Determine d(2).
4
Let z(k) = -k**3 - 7*k**2 - k + 1. Let m = 142 - 148. What is z(m)?
-29
Let k(v) = v**3 + 5*v**2 + 4*v - 4. Let t be k(-3). Let i be 6/10 - (t + (-104)/10). Let o(m) = m**2 - 10*m + 4. Give o(i).
-5
Let u(v) be the second derivative of v**5/20 - 5*v**4/12 + 3*v**2 - v. Suppose -3 + 6 = l - 3*j, 0 = -3*l + j - 15. Let y be (2 - l/9 - 1)*3. Calculate u(y).
6
Let b(c) be the first derivative of c**3/3 - 9*c**2/2 + 12*c - 31. Give b(6).
-6
Suppose 4*o + 8 + 0 = 0. Let z(b) = -20*b - 3 + 7*b + 12*b. Give z(o).
-1
Let a(o) = -2*o**2 - 20*o - 6. Let m be a(-10). Let p(i) = 4*i - 1. Give p(m).
-25
Let a(q) = q**2 - 6*q + 0*q - 1384 + 1382. Give a(7).
5
Suppose n = -2*n. Suppose n = -4*y + 3*x + 26, 7*y + 4*x - 12 = 3*y. Let a(t) = -6 + 2*t - 2*t**3 + y*t**2 + t**3 - 1. What is a(5)?
3
Let l(m) be the first derivative of 1/3*m**3 + m + m**2 - 5. Determine l(-2).
1
Let x(p) be the second derivative of p**5/20 + p**4/2 + p**3/2 + p**2/2 + 3*p. Let c = 9 + 2. Suppose 0 = -c*k + 9*k - 10. Give x(k).
11
Let m(t) = 2*t + 120 - 47 - 74 - 19*t**2. Determine m(1).
-18
Let t(c) be the first derivative of c**4/4 - c**3/3 - 5*c**2/2 - 4*c + 72. Calculate t(-3).
-25
Let u = -10 - -2. Let y(c) be the first derivative of -c**4/4 - 3*c**3 - 5*c**2 - 10*c - 7. Let q be y(u). Let f(m) = m**2 - 5*m - 6. What is f(q)?
0
Let l(q) be the second derivative of q**5/20 - q**3/6 - 202*q. Give l(2).
6
Let w(n) = -n**3 - 2*n**2 - 3*n - 1. Suppose 3*i - 32 = 2*i. Suppose 0 = -2*a - 3*z - 68, -2*a + 4*z = -0*a + 68. Let p = a + i. What is w(p)?
5
Let d = 286 + -287. Let k(h) = 2*h**2 - h - 1. What is k(d)?
2
Suppose 4*d + 55 = 5*j, 4*j - 49 + 6 = 3*d. Let h(r) = -j + 18 - 3*r**2 - r**3 + 2*r**2. Let o = 3 + -3. Give h(o).
11
Let n(g) be the first derivative of g**5/60 + 5*g**2/2 + 36. Let o(r) be the second derivative of n(r). Calculate o(-2).
4
Let g(h) = -h**2 + 17*h - 16. Let n be g(15). Suppose 0 = -4*f + 46 + n. Let u(c) = -f*c**2 + 11*c**2 - 2 + 5*c**2 + 3*c. Calculate u(-4).
2
Suppose -4*f - 6*d + 1725 = -d, f - d = 420. Let q(n) = 422 - 844 + f + 2*n. Suppose b = 3*b + 6. Determine q(b).
-3
Let f(t) = -t**3 - 12*t**2 + 12*t - 10. Let b be (14/21)/(6/(-117)). What is f(b)?
3
Let k = -238 + 240. Let c(o) be the first derivative of 6*o - 4 + k*o**2 + 1/3*o**3. Give c(-4).
6
Let u(g) be the second derivative of g**6/360 - g**5/20 - g**4/12 - 4*g**3/3 + 9*g. Let l(y) be the second derivative of u(y). Give l(6).
-2
Let a(d) be the third derivative of d**6/6 + d**5/60 + d**4/24 - 615*d**2. What is a(-1)?
-20
Suppose 11*p - 16 = 39. Let q(i) = p*i**2 - 2*i**3 + 0*i**2 - 4 + 6*i + i**3. What is q(6)?
-4
Let s(x) = x**2 + 2*x - 3. Let o be ((-12)/(-14))/(3/(-21)). Let d = -11 - o. Let b = d - -1. Calculate s(b).
5
Let z(d) = -d - 1. Let t be z(-6). Let u(q) be the second derivative of 7/6*q**3 - 1/2*q**2 - 1/12*q**4 + 0 - 18*q. What is u(t)?
9
Let f(d) = d**2 + 2*d - 5. Let w be f(-4). Let k = 4 - -19. Let r(b) = 8*b - k*b + 7*b + 5*b. What is r(w)?
-9
Suppose 0 = -11*m + 3*m - 16. Let x(t) = -2 + 0*t**2 + 2*t**2 - 665*t + 667*t + t**2. Calculate x(m).
6
Let r(x) = -x**3 + x**2 - x - 2. Let i be r(-1). Let f = 5 + i. Let h(t) = -t**3 + 6*t**2 - t - 7. Determine h(f).
-13
Let s(b) = -25*b + 1 + 4*b**2 + 1 - 5*b**2 + 17*b. Give s(-8).
2
Let h be (-1)/(1/2)*2. Let o(p) = 32 - p - 73 + 33. Determine o(h).
-4
Let y(s) = 4*s**2 - 4*s**2 + s**3 - 5*s - 4 + 2*s**2. Suppose -4*r - 7 = -23. Suppose r*z = 6*z + 6. Determine y(z).
2
Suppose 0 = -5*j + 16 + 4. Let f(r) = 2*r**2 - 3*r + 2. What is f(j)?
22
Suppose 5*s + 31 = -19. Let y be (1/(-2))/((-6)/576*-8). Let i = s - y. Let g(l) = l - 5. Determine g(i).
-9
Let t(m) = -m**3 - 8*m**2 - 7*m + 13. Let j(i) = i**2. Let d(h) = -3*j(h) + t(h). Determine d(-10).
-17
Let s(c) = -5*c - 1. Let b(w) = -w**3 + 3 - 2 - 4*w**2 - 3*w**2 - 2. Let p be b(-7). What is s(p)?
4
Let q(k) = k**3 + 8*k**2 - k + 2. Let v be q(-4). Suppose 4*w = -w - v. Let g = -14 - w. Let j(x) = x**3 + x**2 + x. What is j(g)?
0
Let n(x) = 7*x**3 - 3*x**2 + x - 8. Let d(i) = 12*i**3 - 7*i**2 + 3*i - 17. Let g(o) = -3*d(o) + 5*n(o). Calculate g(5).
16
Let i be (-18)/(-33) - 570/(-165). Let l(r) = r**3 - 5*r**2 + r - 1. What is l(i)?
-13
Suppose 5*c - 3*c + u - 13 = 0, -5*c + 26 = -4*u. Let o(b) = b**3 - 5*b**2 - 4*b - 8. Give o(c).
4
Let b(m) = 2*m**3 - 38*m**2 + 36*m - 15. Let a(y) = -y**3 + 19*y**2 - 18*y + 8. Let k(c) = 5*a(c) + 3*b(c). Give k(18).
-5
Let b = 426 - 436. Let p(d) = 3*d + 22. What is p(b)?
-8
Let v(r) be the third derivative of r**6/120 - r**5/12 + r**4/12 - 6*r**2. Suppose -3*k + 7*k + g - 7 = 0, 4*g = -k - 17. What is v(k)?
-12
Let p(q) be the third derivative of -q**5/60 - q**4/24 + 11*q**3/6 + 11*q**2. Suppose 12*z + z = 5*z. Calculate p(z).
11
Let d(t) = -t**3 - 3*t**2 + t - 3. Suppose -w + 28 = 12. Let q(a) = a**3 - 17*a**2 + 16*a - 4. Let f be q(w). Calculate d(f).
9
Let g(s) = 2*s - 4*s + 4*s - 3*s + 11*s**2. Let l(m) = -15*m - 164. Let c be l(-11). Give g(c).
10
Suppose 2*n = -2*f - 8, 0 = 2*f - 13*n + 8*n - 20. Let j(b) = b - 36. What is j(f)?
-36
Let v(h) = 12*h**2 + 95*h - 5. Let i be v(-8). Let s(d) = d**3 - 2*d**2 - d + 4. Give s(i).
10
Let l be 6/21 + (-23)/7. Let z(c) = 8*c**2 + 31*c + 26. Let k(w) = 3*w**2 + 11*w + 9. Let i(g) = -17*k(g) + 6*z(g). Give i(l).
-21
Let y(r) be the third derivative of r**6/120 + r**5/12 + r**4/3 + 3*r**3/2 + 2*r**2 + 14. What is y(-4)?
-7
Let t(f) = 2*f - 1. Let q = -1 + 7. Let x(z) = 9*z - 2. Let o(a) = q*t(a) - x(a). Determine o(3).
5
Let j(t) = 3*t + 9 - 9 - 3 + 4. Give j(-3).
-8
Let g(k) = -2*k**2 + 2*k + 2. Suppose -5*i - 4 - 66 = 0. Let t be 2/7 + (-24)/i. Suppose 0 = t*r + 7 - 11. Determine g(r).
-2
Let w(b) be the third derivative of b**6/120 + b**5/15 + 5*b**4/24 - 5*b**3/6 + 118*b**2 + 1. Determine w(-3).
-11
Suppose -6*y + 12 = -2*y. Let n(a) = 3*a**2 + 2 - 4*a**2 - y*a - 4*a + 0*a**2. What is n(-6)?
8
Let l = -249 - -250. Let r(n) = 16*n - 2. Give r(l).
14
Let d = -224 + 218. Let o(c) = -c**3 - 7*c**2 - 7*c - 6. Determine o(d).
0
Let s(g) = g**3 - 4*g**2 + g + 4. Let z = -335 + 350. Let f be (-2 - (2 + 0))*3. Let n = f + z. Determine s(n).
-2
Let f(a) be the third derivative of a**6